621837 a composite number?
True
Is 9236770419 a composite number?
True
Is 56390406677 a composite number?
True
Is 20477573623 prime?
False
Is 91572069331 a prime number?
True
Is 5680907143 composite?
True
Is 37175579173 prime?
False
Is 1215044147 composite?
True
Is 24332724893 prime?
False
Is 37777960887 prime?
False
Is 38434054591 composite?
False
Is 38341691 prime?
False
Is 7679864221 a prime number?
True
Is 88831321291 a prime number?
True
Is 22810960517 a prime number?
True
Is 5617640753 a prime number?
True
Is 2088139839 a prime number?
False
Is 761648617 prime?
False
Is 71886868787 a prime number?
False
Is 505470989 composite?
False
Is 29578017701 prime?
False
Is 82098343 prime?
False
Is 136391797 prime?
False
Is 17508320699 a prime number?
False
Is 66502973 composite?
True
Is 25129207 a composite number?
False
Is 1656363689 composite?
False
Is 163465819063 prime?
True
Is 19720266463 a composite number?
True
Is 13584270247 a prime number?
False
Is 46673995271 prime?
True
Is 4393827751 prime?
True
Is 7454637799 a prime number?
False
Is 1717333045 a prime number?
False
Is 247977295337 composite?
True
Is 88364407 a prime number?
True
Is 2212141003 prime?
True
Is 7235058121 a composite number?
False
Is 6002709719 a prime number?
False
Is 4612952038 a prime number?
False
Is 214949008489 a composite number?
True
Is 20259965549 a composite number?
False
Is 53632646539 a composite number?
False
Is 13184700817 prime?
True
Is 85758409129 prime?
True
Is 116184877 prime?
True
Is 157150373 a prime number?
False
Is 999026759 composite?
False
Is 4393992613 a composite number?
True
Is 1399065877 a composite number?
True
Is 156109547 a prime number?
False
Is 4554909713 prime?
False
Is 30853593209 prime?
True
Is 6135814733 composite?
True
Is 1842972191 composite?
False
Is 6082749343 composite?
True
Is 47186521 a prime number?
True
Is 11144361293 prime?
False
Is 1387736249 a prime number?
True
Is 337909693 a prime number?
False
Is 59965225331 prime?
False
Is 72893809 a composite number?
True
Is 3568263667 composite?
False
Is 28078986101 a prime number?
False
Is 3467674277 prime?
True
Is 1581140501 a composite number?
False
Is 87823319 composite?
False
Is 3060082969 a prime number?
True
Is 970450543 prime?
True
Is 10737589547 composite?
True
Is 164050018939 prime?
True
Is 3224138107 a prime number?
True
Is 61395715697 prime?
True
Is 110736329461 prime?
False
Is 48348991441 prime?
False
Is 8082893351 a composite number?
True
Is 442149611 a prime number?
False
Is 16959835 a prime number?
False
Is 1833882131 prime?
True
Is 778562689 a composite number?
False
Is 12377938817 composite?
True
Is 132685542719 prime?
False
Is 626787221 a composite number?
True
Is 8561569697 composite?
True
Is 1992853567 prime?
True
Is 407703293 prime?
True
Is 50409529 a prime number?
False
Is 470318623 composite?
False
Is 17604597103 a prime number?
True
Is 13898216383 a prime number?
True
Is 355204921 prime?
False
Is 8062195261 a prime number?
False
Is 37097417479 a prime number?
True
Is 3548551 prime?
False
Is 9919183 a prime number?
True
Is 149101066739 a composite number?
False
Is 15987637891 a prime number?
True
Is 826904363 a composite number?
False
Is 5627273609 a composite number?
False
Is 1961112619 a composite number?
False
Is 693593807 a composite number?
False
Is 211472087 prime?
True
Is 31653345869 composite?
False
Is 16896744713 a prime number?
True
Is 87527446369 prime?
False
Is 4858196979 a composite number?
True
Is 4689183563 composite?
False
Is 2994516619 a prime number?
True
Is 1901889863 a composite number?
False
Is 198739753 a prime number?
False
Is 13882189747 a composite number?
False
Is 15613994183 a prime number?
True
Is 62944958161 composite?
False
Is 2688264427 a composite number?
False
Is 120416969 a composite number?
False
Is 4865765909 composite?
False
Is 45662151209 prime?
False
Is 6768089255 prime?
False
Is 405242249 prime?
True
Is 1356102707 a composite number?
True
Is 729696271 composite?
True
Is 1896027643 a composite number?
True
Is 25088430011 prime?
False
Is 10329671731 a composite number?
False
Is 77103693439 composite?
True
Is 2082781823 a composite number?
False
Is 80269239053 a prime number?
True
Is 558961449 prime?
False
Is 85757907727 prime?
False
Is 637676087 composite?
False
Is 860912441 a composite number?
False
Is 25117073677 prime?
False
Is 544771777 a composite number?
True
Is 1366958039 composite?
True
Is 8476128949 prime?
True
Is 143228563 a prime number?
True
Is 305575507 a prime number?
True
Is 468144493 a prime number?
False
Is 2668155631 composite?
False
Is 13527165947 composite?
True
Is 53887880927 a prime number?
True
Is 1285898311 a composite number?
False
Is 10605867931 prime?
True
Is 1666416247 composite?
False
Is 2438704381 a prime number?
True
Is 2555517719 composite?
False
Is 418043999 composite?
False
Is 113593003889 a composite number?
False
Is 9031200551 a composite number?
False
Is 48451077071 a composite number?
False
Is 4653688861 a prime number?
False
Is 1716726641 a composite number?
True
Is 46539628955 composite?
True
Is 20490707 a prime number?
True
Is 9200249 prime?
True
Is 47295021779 prime?
True
Is 2462906471 composite?
True
Is 103931842841 a prime number?
True
Is 5762543309 a composite number?
True
Is 1081455773 a composite number?
False
Is 3819500437 composite?
False
Is 358851299 a prime number?
True
Is 851650249 a prime number?
False
Is 129232303 a composite number?
False
Is 2979475777 composite?
True
Is 9748930601 prime?
True
Is 32500858849 composite?
False
Is 1853001079 a prime number?
True
Is 625969573 a prime number?
False
Is 50247773053 prime?
False
Is 478353866 a prime number?
False
Is 2904756677 prime?
True
Is 1004517803 prime?
False
Is 134440113 composite?
True
Is 429834907 composite?
False
Is 371119471 composite?
False
Is 339127289 a prime number?
False
Is 122781491 prime?
False
Is 8020628258 composite?
True
Is 1258441319 prime?
False
Is 31455075709 composite?
True
Is 974620733 a prime number?
False
Is 2441058589 a prime number?
False
Is 420059767 a prime number?
True
Is 2129345479 a composite number?
False
Is 14866947463 a composite number?
True
Is 2674816658 a composite number?
True
Is 16730234627 composite?
False
Is 932013167 prime?
False
Is 52663057 prime?
True
Is 4507137823 a composite number?
True
Is 105776831 a prime number?
False
Is 45312196621 a prime number?
False
Is 4545751489 composite?
True
Is 3838859287 a prime number?
True
Is 89077200049 a composite number?
True
Is 36014720783 prime?
True
Is 3761571851 a composite number?
False
Is 344155237 composite?
False
Is 2600976269 composite?
False
Is 668986741 a prime number?
True
Is 5084951621 a composite number?
False
Is 210517499 composite?
False
Is 50601709 composite?
False
Is 5043336605 a prime number?
False
Is 18672115279 a prime number?
True
Is 1569031991 a prime number?
True
Is 670861691 composite?
True
Is 7291865587 a prime number?
False
Is 5102294633 a prime number?
True
Is 8246355815 a composite number?
True
Is 28300150415 prime?
False
Is 1189316423 a composite number?
False
Is 19332205835 prime?
False
Is 7506003059 a prime number?
False
Is 5170372007 a prime number?
True
Is 6796129853 a composite number?
True
Is 5390484247 a prime number?
True
Is 13975358365 prime?
False
Is 1274936077 prime?
False
Is 291838483 prime?
True
Is 15013637 prime?
True
Is 2153660441 composite?
False
Is 2862440149 composite?
True
Is 17636408869 a composite number?
False
Is 336248179 composite?
False
Is 28073029069 composite?
False
Is 565743137 a composite number?
False
Is 13610136674 prime?
False
Is 385319087 prime?
False
Is 228578827 prime?
True
Is 164060648459 prime?
True
Is 252057449 prime?
False
Is 1025070323 a composite number?
True
Is 99769389 a composite number?
True
Is 57828467 composite?
False
Is 1134522997 prime?
True
Is 731112941 a prime number?
False
Is 10930470713 composite?
True
Is 975481747 a composite number?
False
Is 45231308527 a prime number?
False
Is 1682977523 prime?
False
Is 3786593303 a prime number?
True
Is 7919894537 a prime number?
True
Is 1351488659 composite?
False
Is 7870884379 composite?
False
Is 1078937707 a prime number?
True
Is 193170706009 a prime number?
True
Is 2470458539 composite?
False
Is 4027752901 composite?